*s - 2. Let j = -2 + -1. Let r be g(j). Suppose 31 = b - 2*n, -4*b + 2*n = n - 138. What is the greatest common factor of r and b?
7
Let l be (-36)/(3/(2 - 5)). Let x = l + -16. What is the greatest common factor of x and 4?
4
Suppose 1 + 100 = -c. Let a = c + 169. Calculate the greatest common factor of 34 and a.
34
Let s be -7 - (-83 - (-6 + 5)). Let t = -66 + 96. What is the greatest common divisor of s and t?
15
Suppose -2*f - 3*c + 51 = 0, 5*f + 5*c - 19 = 111. What is the highest common divisor of f and 3?
3
Let u be -1*1/(-4) - (-777)/28. Calculate the greatest common factor of 42 and u.
14
Let p(y) = -y**2 + 7*y - 4. Let n be p(5). What is the greatest common divisor of n and 54?
6
Let t(k) = -3*k**3 - 3*k**2 - 5*k - 4. Let c be t(-2). What is the greatest common factor of c and 12?
6
Suppose 0 = -181*q + 178*q + 351. Calculate the highest common factor of 9 and q.
9
Let i be (3*(-4)/(-6))/2. What is the greatest common divisor of 1 and i?
1
Let n(l) = 17*l**2 - 2*l - 3. Let p(c) = -c - 1. Let d(t) = n(t) - 2*p(t). Let o be d(1). Let s = -2 + 6. What is the highest common factor of s and o?
4
Let b be ((-10)/20)/(2/(-8)). Let m(h) = h. Let z be m(b). Suppose -65 = -z*d + d. What is the greatest common factor of d and 26?
13
Suppose 0 = -5*k + 112 - 37. Let m(f) = f**2 + 11*f - 6. Let r be m(-13). Let w be (147/(-28))/((-1)/r). Calculate the highest common divisor of w and k.
15
Suppose 0 = a - 2*n - 7, -a + 4 = n - 3. What is the greatest common divisor of 56 and a?
7
Let x be 3/(-5) + (-4)/10. Let r be 2*x/(0 - -2). Let n be r/2 + (-114)/(-4). Calculate the highest common divisor of n and 7.
7
Suppose -p + 176 = -0*p. What is the highest common factor of p and 16?
16
Suppose -57 = -3*x + 141. Suppose -v - x = -3*v. What is the highest common factor of 11 and v?
11
Let q(d) = d**3 - 3*d**2 - d + 4. Let i be q(3). Let z = i + -1. Suppose -2*l - x + 6 = z, l + x + 7 = -2*x. What is the greatest common divisor of l and 55?
5
Suppose 3*k = 2*k - 3, -3*c - 9 = 5*k. Let a(j) = -j - j - 2*j + 7 - j**c. Let i be a(-5). Calculate the highest common factor of i and 18.
2
Let w be 4/(-2)*(4 + -2). Let b = w + 44. What is the highest common factor of b and 8?
8
Suppose 354 = 4*i - t, -5*i - 164 = -3*t - 610. Let o be -1 + 0 + 8 - -1. What is the highest common divisor of o and i?
8
Suppose 3*u = -g + 5, 2*g - g - 5*u + 11 = 0. Let f be (g + -1)/(-1) + 34. Let o be (f/(-8))/((-6)/32). What is the greatest common factor of o and 36?
12
Suppose -63 = -4*f + 49. What is the highest common factor of f and 7?
7
Let x be (3*1)/((-24)/(-80)). Calculate the highest common factor of 110 and x.
10
Let p(c) = -20*c - 4. Let l be p(-3). Suppose -3*b + 3 = -2*b, -50 = -4*y + 2*b. What is the highest common divisor of y and l?
14
Let z be 53 + (-2)/6*-6. What is the highest common factor of 11 and z?
11
Suppose -3*a + 25 = -17. Let m = a + -10. Calculate the highest common divisor of 10 and m.
2
Let v(t) be the first derivative of t**4/4 + 2*t**3 + 2*t**2 + 3*t - 3. Let o be v(-5). Let j = 47 + -31. What is the greatest common divisor of o and j?
8
Let a = 6 + 1. Suppose -3*p + 75 = -0*d + 4*d, -p - 4*d + 33 = 0. What is the greatest common factor of a and p?
7
Suppose 0 = 3*m + 10*m - 104. What is the highest common factor of m and 56?
8
Let r be (1/3)/((-6)/(-144)). What is the highest common factor of 2 and r?
2
Let y be (-18)/(-4)*10/15. Calculate the greatest common factor of 21 and y.
3
Suppose 0 = 2*d - 6, 10 = 5*g - d - 7. What is the greatest common factor of 10 and g?
2
Let b(t) = 4*t + 1 - 5*t + 16*t**2 - 6*t**2. Let r be b(2). What is the greatest common factor of r and 26?
13
Let t(p) = 2*p**2 - p + 1. Let n be t(-5). Let q(c) = 9*c + 5. Let k be q(1). What is the greatest common divisor of k and n?
14
Let s = 10 - -3. Suppose -3*l = l - 5*x - 203, -5*l - 5*x = -265. Calculate the greatest common divisor of s and l.
13
Let g(b) = 2 + b + b**2 + 6*b**2 - 6*b**2. Let u be g(-3). Let o be -4*44/(-6)*3. What is the highest common factor of u and o?
8
Suppose 191 = s + 181. What is the greatest common divisor of 10 and s?
10
Let f(z) = z**2 - 9*z - 8. Let x be f(11). What is the highest common factor of x and 56?
14
Suppose p - t - 26 - 1 = 0, 5*p - 126 = 2*t. Suppose -4*k - p = -6*k. Calculate the greatest common divisor of k and 6.
6
Suppose 3*y - 10 = -2*b, 3*b - 9 = -3. Suppose 0 = y*g + 2*g. Suppose 50 = 2*h - 4*o - g*o, -161 = -5*h + o. What is the highest common divisor of 22 and h?
11
Let j = 8 + -5. Suppose 0 = 4*y + j + 17. Let i(n) = 6*n**2 + 4*n + 2. Let f be i(y). Calculate the greatest common factor of 12 and f.
12
Let c = -4 + 0. Let u be (-8 + 6)*62/c. Calculate the highest common factor of 155 and u.
31
Let n = 2 + 1. Suppose 2*w - 3 - 5 = 0. Suppose 0 = -d + w*d - n. What is the highest common factor of d and 8?
1
Let m = 13 + -8. Suppose m*v + 3*q - 25 = 0, -v + 5*q - 24 + 1 = 0. What is the greatest common factor of v and 8?
2
Let q be 6/(-2 + 4) + -3. Let o be (-1 + q - -2)*9. Suppose -3*n + o = -0*n. Calculate the highest common factor of n and 24.
3
Suppose -3*c + 4*d + 4 = 0, 0*c + 3*d + 14 = 5*c. Let n be (-1 + 0)*(-54)/(-2). Let s = n - -39. What is the highest common divisor of s and c?
4
Let a = 72 - 42. Suppose -k = -6*m + m + 42, -3*k - a = -3*m. Calculate the greatest common divisor of m and 20.
4
Suppose 3*p - 12 = 4*f + 13, 0 = 5*p - 4*f - 39. What is the greatest common factor of 7 and p?
7
Suppose 0 = -5*z + 3*z - 5*c + 44, -2*z + 38 = 2*c. What is the highest common divisor of 306 and z?
17
Suppose 5*y = -2*d + 4, 2*y = 2*d - 3 - 1. Let l be -1 + 3 + (3 - d). Suppose -a + 224 = l*a. Calculate the greatest common divisor of a and 14.
14
Suppose 0 = 2*d + 4*i - 512, 2*d - 4*i - 516 = -6*i. What is the greatest common factor of d and 20?
20
Let l = -4 + 6. Suppose 15 = 5*s - l*s. Calculate the highest common divisor of 20 and s.
5
Let j(a) = -a**3 - 6*a**2 - a. Let k be j(-6). What is the highest common factor of k and 54?
6
Let o be 1/(-2) + (-11823)/(-6). Let k be (-2)/(-3) + o/15. What is the greatest common divisor of 12 and k?
12
Let z = 1 + 2. Suppose 4*r + 0 = -3*j - 1, 2*r = -5*j - 11. What is the highest common factor of r and z?
1
Let u = -13 - -7. Let h(q) = q**2 + 5*q - 6. Let o be h(u). Suppose 4*w - 2*l - l - 48 = o, -2*l = 0. What is the highest common divisor of 3 and w?
3
Let u(v) = -4*v - 9. Let d be u(-7). What is the highest common factor of d and 171?
19
Let o = -28 + 15. Suppose -3*c - 5 = -4*f, 8*f - 3*f = -5*c + 50. Let l = c - o. Calculate the greatest common factor of 12 and l.
6
Let r(y) = -y**2 + y - 6. Let k be r(0). Let d be 6/(-3 + (-21)/k). Let p be (-2)/(-8) + 1053/d. What is the highest common divisor of 8 and p?
8
Let a(c) = 0*c**2 - c**2 - 10*c - 7 - c. Suppose q = -4*d - 1, -5*q - 20 = d + 23. Let n be a(q). Calculate the greatest common divisor of n and 33.
11
Let f be 5*(-5)/((-5)/4). What is the greatest common factor of 100 and f?
20
Suppose -2*v - 3*m + 4 = 0, m = -3*v - m - 4. Let w be 1 + (-2)/(-4)*v. Let t be -3 - (w - 0) - -6. Calculate the greatest common factor of 28 and t.
4
Let c = -11 + 15. Suppose -4*o + 85 = 5*k, -c*o + 55 = k - 2*k. Calculate the highest common divisor of 10 and o.
5
Let q be 8*2 + 8 + -9. Calculate the highest common divisor of 10 and q.
5
Let h be (2 + -28)*((-175)/(-10))/(-5). Calculate the highest common divisor of 13 and h.
13
Suppose 0 = -2*i + g + 25, -i + 0 - 10 = 4*g. Let r be 5/(-2)*208/(-65). Let d be (-10143)/(-92) + (-2)/r. Calculate the greatest common factor of d and i.
10
Let w = 187 - 132. Calculate the greatest common divisor of w and 11.
11
Suppose 4*h = -2*r + 20, -2*r - 5*h - 95 = -7*r. Let v = r - 13. Calculate the greatest common factor of 9 and v.
3
Let s(t) = t**2 - t + 1. Let j(m) = m**2 - 9*m - 12. Let y be j(10). Let x be s(y). What is the highest common factor of x and 14?
7
Let t(g) = 1 - 3*g**2 - g**3 + 2*g - 5 - g + g. Let w be t(-4). Calculate the highest common factor of 1 and w.
1
Let q be 12/(-18)*1*27/(-6). Let f be (-2)/(2 + 40/(-18)). What is the greatest common factor of q and f?
3
Let z = -15 + 109. Suppose -u = -c - 210, -u = 5*c + z - 322. Suppose -4*d - 218 = -b, -b + u = -2*d - d. What is the highest co